{"id":21,"date":"2024-06-19T10:19:26","date_gmt":"2024-06-19T08:19:26","guid":{"rendered":"https:\/\/www.horse-insight.ch\/?page_id=21"},"modified":"2025-08-20T16:03:27","modified_gmt":"2025-08-20T14:03:27","slug":"presentation","status":"publish","type":"page","link":"https:\/\/www.horse-insight.ch\/?page_id=21","title":{"rendered":"Pr\u00e9sentation"},"content":{"rendered":"\t\t<div data-elementor-type=\"wp-page\" data-elementor-id=\"21\" class=\"elementor elementor-21\">\n\t\t\t\t<div class=\"elementor-element elementor-element-2ee2ad2c e-flex e-con-boxed wpr-particle-no wpr-jarallax-no wpr-parallax-no wpr-sticky-section-no e-con e-parent\" data-id=\"2ee2ad2c\" data-element_type=\"container\">\n\t\t\t\t\t<div class=\"e-con-inner\">\n\t\t\t\t<div class=\"elementor-element elementor-element-12197428 elementor-widget elementor-widget-text-editor\" data-id=\"12197428\" data-element_type=\"widget\" data-widget_type=\"text-editor.default\">\n\t\t\t\t<div class=\"elementor-widget-container\">\n\t\t\t\t\t\t\t\t\t<div class=\"wp-block-group alignfull\" style=\"padding: var(--wp--preset--spacing--50);\">\n<p><\/p>\n<h1 class=\"wp-block-heading has-text-align-center has-custom-violet-color has-text-color has-link-color has-x-large-font-size wp-elements-3d251e76f222e101df7e447c62ee3f92\">Audrey Delaspre<\/h1>\n<p><\/p>\n<p><\/p>\n<h4>MON PARCOURS<\/h4>\n<p>Passionn\u00e9e d&rsquo;\u00e9quitation depuis l&rsquo;\u00e2ge de 6 ans, j&rsquo;ai explor\u00e9 diverses disciplines \u00e9questres, me sp\u00e9cialisant principalement dans le dressage et le saut d&rsquo;obstacles. Mon parcours a pris un tournant d\u00e9cisif en septembre 2021 lorsque j&rsquo;ai d\u00e9couvert l&rsquo;\u00c9quitation Alexander et l&rsquo;\u00c9ducation \u00c9quine (\u00c9quitation \u00c9thologique) avec Marie H\u00e9l\u00e8ne Leli\u00e8vre.<\/p>\n<p>Cette rencontre a transform\u00e9 profond\u00e9ment ma relation aux chevaux et ma vision de l&rsquo;\u00e9quitation. J&rsquo;y ai trouv\u00e9 la bienveillance, l&rsquo;\u00e9coute et les r\u00e9ponses aux questions qui m&rsquo;habitaient depuis toujours, enrichissant mes comp\u00e9tences tant sur le fonctionnement du cavalier que sur celui du cheval.<\/p>\n<h4>MA MISSION<\/h4>\n<p>Depuis octobre 2023, je vous accompagne pour r\u00e9aliser vos r\u00eaves \u00e9questres tout en renfor\u00e7ant votre lien avec votre cheval. Je m&rsquo;engage \u00e0 vous offrir des outils personnalis\u00e9s pour mieux comprendre votre compagnon et am\u00e9liorer votre relation, vos interactions et vos performances ensemble.<\/p>\n<p>En f\u00e9vrier 2025, j&rsquo;ai franchi une \u00e9tape importante en cr\u00e9ant les premiers cours de posture en salle sp\u00e9cifiquement con\u00e7us pour les cavaliers. Ces s\u00e9ances vous permettent de vous concentrer uniquement sur vous-m\u00eame, de prendre conscience de votre corps et de comprendre son impact sur la locomotion de votre cheval.<\/p>\n<h4>MON ENGAGEMENT\u00a0<\/h4>\n<p>Se former continuellement est pour moi fondamental. C&rsquo;est pourquoi, tout en vous accompagnant, je poursuis ma propre formation pour vous proposer davantage de perspectives et de solutions adapt\u00e9es \u00e0 vous et \u00e0 votre cheval.<\/p>\n<p><\/p>\n<div class=\"wp-block-buttons is-content-justification-center is-layout-flex wp-container-core-buttons-is-layout-a89b3969 wp-block-buttons-is-layout-flex\">\n<p><\/p>\n<div class=\"wp-block-button\"><a class=\"wp-block-button__link has-text-align-center wp-element-button\" href=\"https:\/\/www.horse-insight.ch\/?page_id=39\">Je r\u00e9serve mon cours<\/a><\/div>\n<p><\/p>\n<\/div>\n<p><\/p>\n<div class=\"wp-block-spacer\" style=\"height: 1.25rem;\" aria-hidden=\"true\">\u00a0<\/div>\n<p><\/p>\n<div class=\"wp-block-columns is-layout-flex wp-container-core-columns-is-layout-28f84493 wp-block-columns-is-layout-flex\">\n<p><\/p>\n<div class=\"wp-block-column is-layout-flow wp-block-column-is-layout-flow\">\n<p><\/p>\n<figure class=\"wp-block-image\"><img fetchpriority=\"high\" decoding=\"async\" width=\"1465\" height=\"1127\" class=\"wp-image-98\" src=\"https:\/\/www.horse-insight.ch\/wp-content\/uploads\/2024\/06\/2-crop.png\" alt=\"\" srcset=\"https:\/\/www.horse-insight.ch\/wp-content\/uploads\/2024\/06\/2-crop.png 1465w, https:\/\/www.horse-insight.ch\/wp-content\/uploads\/2024\/06\/2-crop-600x462.png 600w, https:\/\/www.horse-insight.ch\/wp-content\/uploads\/2024\/06\/2-crop-300x231.png 300w, https:\/\/www.horse-insight.ch\/wp-content\/uploads\/2024\/06\/2-crop-1024x788.png 1024w, https:\/\/www.horse-insight.ch\/wp-content\/uploads\/2024\/06\/2-crop-768x591.png 768w\" sizes=\"(max-width: 1465px) 100vw, 1465px\" \/><\/figure>\n<p><\/p>\n<\/div>\n<p><\/p>\n<\/div>\n<p><\/p>\n<\/div>\n<p><!-- \/wp:group --><!-- wp:group {\"align\":\"full\",\"style\":{\"spacing\":{\"margin\":{\"top\":\"0\",\"bottom\":\"0\"},\"padding\":{\"top\":\"var:preset|spacing|50\",\"bottom\":\"var:preset|spacing|50\",\"left\":\"var:preset|spacing|50\",\"right\":\"var:preset|spacing|50\"}}},\"backgroundColor\":\"base-2\",\"layout\":{\"type\":\"constrained\"}} --><\/p>\n<div class=\"wp-block-group alignfull has-base-2-background-color has-background\" style=\"margin-top: 0; margin-bottom: 0; padding: var(--wp--preset--spacing--50);\">\n<p><!-- wp:heading {\"textAlign\":\"center\",\"level\":1,\"style\":{\"elements\":{\"link\":{\"color\":{\"text\":\"var:preset|color|custom-violet\"}}}},\"textColor\":\"custom-violet\",\"fontSize\":\"x-large\"} --><\/p>\n<h4>FORMATIONS &amp; EXPERTISE<\/h4>\n<p>\u2022\u00a0<strong>\u00c9quitation Alexander<\/strong>\u00a0&#8211; Cycle 4 (sur 6) en cours &#8211; 2024 \u00e0 2026<\/p>\n<p>\u2022\u00a0<strong>Comportementaliste \u00e9quin <\/strong>&#8211; AnimHo &#8211; 2025<\/p>\n<p>\u2022\u00a0<strong>\u00c9thologie \u00c9quine<\/strong>\u00a0&#8211; Authiaka &#8211; En cours<\/p>\n<p>\u2022\u00a0<strong>Enseignant d&rsquo;\u00e9quitation \u00e9thologique<\/strong> &#8211; BFE EE1* &#8211; 2023<\/p>\n<p>\u2022 <strong>Dipl\u00f4me Equigarde<\/strong>\u00a0&#8211; 2023<\/p>\n<p>\u2022\u00a0<strong>Licence en Sciences Humaines et Sociales, mention Psychologie<\/strong>\u00a0&#8211; Lyon 2 &#8211; 2015<\/p>\n<p><em>Le BFE EE1 est un brevet f\u00e9d\u00e9ral fran\u00e7ais, un certificat attestant la r\u00e9ussite des examens a \u00e9t\u00e9 d\u00e9livr\u00e9 par Andy Booth<\/em><\/p>\n<h4>PERFECTIONNEMENT CONTINU<\/h4>\n<p>\u2022 Participations r\u00e9guli\u00e8res aux stages d&rsquo;\u00c9quitation Alexander avec Marie-H\u00e9l\u00e8ne Leli\u00e8vre (depuis 2021)<\/p>\n<p>\u2022 \u00ab\u00a0Entre anthropocentrisme et anthropomorphisme\u00a0\u00bb par H\u00e9l\u00e8ne Roche &#8211; Webinaire Horse Affinity (2024)<\/p>\n<p>\u2022 \u00ab\u00a0\u00c9tude de cas : Mon cheval ne se laisse pas attraper\u00a0\u00bb &#8211; Authiaka (2024)<\/p>\n<p>\u2022 \u00ab\u00a0Lire son cheval\u00a0\u00bb par Marie Sutter &#8211; Webinaire Horse Affinity (2023)<\/p>\n<hr \/>\n<h4>LES DATES CL\u00c9S DE MON PARCOURS<\/h4>\n<p>\u2022\u00a0<strong>Septembre 2021<\/strong>\u00a0: D\u00e9couverte de l&rsquo;\u00c9quitation Alexander et l&rsquo;\u00c9ducation \u00c9quine<\/p>\n<p>\u2022\u00a0<strong>Juillet 2022<\/strong>\u00a0: D\u00e9cision de reconversion professionnelle<\/p>\n<p>\u2022\u00a0<strong>Octobre 2023<\/strong>\u00a0: Lancement de mon activit\u00e9 d&rsquo;accompagnement<\/p>\n<p>\u2022\u00a0<strong>Mars 2024<\/strong>\u00a0: D\u00e9but de la formation de 3 ans en \u00c9quitation Alexander<\/p>\n<p>\u2022\u00a0<strong>F\u00e9vrier 2025<\/strong>\u00a0: Cr\u00e9ation des premiers cours de posture en salle pour cavaliers<\/p>\n<p>\u2022\u00a0<strong>Juin 2025<\/strong>\u00a0: Obtention de la certification de comportementaliste \u00e9quin<\/p>\n<p><!-- \/wp:paragraph --><\/p>\n<\/div>\n<p><!-- \/wp:group --><\/p>\t\t\t\t\t\t\t\t<\/div>\n\t\t\t\t<\/div>\n\t\t\t\t\t<\/div>\n\t\t\t\t<\/div>\n\t\t\t\t<\/div>\n\t\t","protected":false},"excerpt":{"rendered":"<p>Audrey Delaspre MON PARCOURS Passionn\u00e9e d&rsquo;\u00e9quitation depuis l&rsquo;\u00e2ge de 6 ans, j&rsquo;ai explor\u00e9 diverses disciplines \u00e9questres, me sp\u00e9cialisant principalement dans le dressage et le saut d&rsquo;obstacles. Mon parcours a pris un tournant d\u00e9cisif en septembre 2021 lorsque j&rsquo;ai d\u00e9couvert l&rsquo;\u00c9quitation Alexander et l&rsquo;\u00c9ducation \u00c9quine (\u00c9quitation \u00c9thologique) avec Marie H\u00e9l\u00e8ne Leli\u00e8vre. Cette rencontre a transform\u00e9 profond\u00e9ment ma relation aux chevaux et ma vision de l&rsquo;\u00e9quitation. J&rsquo;y ai trouv\u00e9 la bienveillance, l&rsquo;\u00e9coute et les r\u00e9ponses aux questions qui m&rsquo;habitaient depuis toujours, enrichissant mes comp\u00e9tences tant sur le fonctionnement du cavalier que sur celui du cheval. MA MISSION Depuis octobre 2023, je vous accompagne pour r\u00e9aliser vos r\u00eaves \u00e9questres tout en renfor\u00e7ant votre lien avec votre cheval. Je m&rsquo;engage \u00e0 vous offrir des outils personnalis\u00e9s pour mieux comprendre votre compagnon et am\u00e9liorer votre relation, vos interactions et vos performances ensemble. En f\u00e9vrier 2025, j&rsquo;ai franchi une \u00e9tape importante en cr\u00e9ant les premiers cours de posture en salle sp\u00e9cifiquement con\u00e7us pour les cavaliers. Ces s\u00e9ances vous permettent de vous concentrer uniquement sur vous-m\u00eame, de prendre conscience de votre corps et de comprendre son impact sur la locomotion de votre cheval. MON ENGAGEMENT\u00a0 Se former continuellement est pour moi fondamental. C&rsquo;est pourquoi, tout en vous accompagnant, je poursuis ma propre formation pour vous proposer davantage de perspectives et de solutions adapt\u00e9es \u00e0 vous et \u00e0 votre cheval. FORMATIONS &amp; EXPERTISE \u2022\u00a0\u00c9quitation Alexander\u00a0&#8211; Cycle 4 (sur 6) en cours &#8211; 2024 \u00e0 2026 \u2022\u00a0Comportementaliste \u00e9quin &#8211; AnimHo &#8211; 2025 \u2022\u00a0\u00c9thologie \u00c9quine\u00a0&#8211; Authiaka &#8211; En cours \u2022\u00a0Enseignant d&rsquo;\u00e9quitation \u00e9thologique &#8211; BFE EE1* &#8211; 2023 \u2022 Dipl\u00f4me Equigarde\u00a0&#8211; 2023 \u2022\u00a0Licence en Sciences Humaines et Sociales, mention Psychologie\u00a0&#8211; Lyon 2 &#8211; 2015 Le BFE EE1 est un brevet f\u00e9d\u00e9ral fran\u00e7ais, un certificat attestant la r\u00e9ussite des examens a \u00e9t\u00e9 d\u00e9livr\u00e9 par Andy Booth PERFECTIONNEMENT CONTINU \u2022 Participations r\u00e9guli\u00e8res aux stages d&rsquo;\u00c9quitation Alexander avec Marie-H\u00e9l\u00e8ne Leli\u00e8vre (depuis 2021) \u2022 \u00ab\u00a0Entre anthropocentrisme et anthropomorphisme\u00a0\u00bb par H\u00e9l\u00e8ne Roche &#8211; Webinaire Horse Affinity (2024) \u2022 \u00ab\u00a0\u00c9tude de cas : Mon cheval ne se laisse pas attraper\u00a0\u00bb &#8211; Authiaka (2024) \u2022 \u00ab\u00a0Lire son cheval\u00a0\u00bb par Marie Sutter &#8211; Webinaire Horse Affinity (2023) LES DATES CL\u00c9S DE MON PARCOURS \u2022\u00a0Septembre 2021\u00a0: D\u00e9couverte de l&rsquo;\u00c9quitation Alexander et l&rsquo;\u00c9ducation \u00c9quine \u2022\u00a0Juillet 2022\u00a0: D\u00e9cision de reconversion professionnelle \u2022\u00a0Octobre 2023\u00a0: Lancement de mon activit\u00e9 d&rsquo;accompagnement \u2022\u00a0Mars 2024\u00a0: D\u00e9but de la formation de 3 ans en \u00c9quitation Alexander \u2022\u00a0F\u00e9vrier 2025\u00a0: Cr\u00e9ation des premiers cours de posture en salle pour cavaliers \u2022\u00a0Juin 2025\u00a0: Obtention de la certification de comportementaliste \u00e9quin<\/p>\n","protected":false},"author":1,"featured_media":0,"parent":0,"menu_order":0,"comment_status":"closed","ping_status":"closed","template":"","meta":{"site-sidebar-layout":"default","site-content-layout":"","ast-site-content-layout":"default","site-content-style":"default","site-sidebar-style":"default","ast-global-header-display":"","ast-banner-title-visibility":"","ast-main-header-display":"","ast-hfb-above-header-display":"","ast-hfb-below-header-display":"","ast-hfb-mobile-header-display":"","site-post-title":"","ast-breadcrumbs-content":"","ast-featured-img":"","footer-sml-layout":"","theme-transparent-header-meta":"","adv-header-id-meta":"","stick-header-meta":"","header-above-stick-meta":"","header-main-stick-meta":"","header-below-stick-meta":"","astra-migrate-meta-layouts":"default","ast-page-background-enabled":"default","ast-page-background-meta":{"desktop":{"background-color":"var(--ast-global-color-5)","background-image":"","background-repeat":"repeat","background-position":"center center","background-size":"auto","background-attachment":"scroll","background-type":"","background-media":"","overlay-type":"","overlay-color":"","overlay-opacity":"","overlay-gradient":""},"tablet":{"background-color":"","background-image":"","background-repeat":"repeat","background-position":"center center","background-size":"auto","background-attachment":"scroll","background-type":"","background-media":"","overlay-type":"","overlay-color":"","overlay-opacity":"","overlay-gradient":""},"mobile":{"background-color":"","background-image":"","background-repeat":"repeat","background-position":"center center","background-size":"auto","background-attachment":"scroll","background-type":"","background-media":"","overlay-type":"","overlay-color":"","overlay-opacity":"","overlay-gradient":""}},"ast-content-background-meta":{"desktop":{"background-color":"var(--ast-global-color-4)","background-image":"","background-repeat":"repeat","background-position":"center center","background-size":"auto","background-attachment":"scroll","background-type":"","background-media":"","overlay-type":"","overlay-color":"","overlay-opacity":"","overlay-gradient":""},"tablet":{"background-color":"var(--ast-global-color-4)","background-image":"","background-repeat":"repeat","background-position":"center center","background-size":"auto","background-attachment":"scroll","background-type":"","background-media":"","overlay-type":"","overlay-color":"","overlay-opacity":"","overlay-gradient":""},"mobile":{"background-color":"var(--ast-global-color-4)","background-image":"","background-repeat":"repeat","background-position":"center center","background-size":"auto","background-attachment":"scroll","background-type":"","background-media":"","overlay-type":"","overlay-color":"","overlay-opacity":"","overlay-gradient":""}},"footnotes":""},"class_list":["post-21","page","type-page","status-publish","hentry"],"jetpack_sharing_enabled":true,"_links":{"self":[{"href":"https:\/\/www.horse-insight.ch\/index.php?rest_route=\/wp\/v2\/pages\/21","targetHints":{"allow":["GET"]}}],"collection":[{"href":"https:\/\/www.horse-insight.ch\/index.php?rest_route=\/wp\/v2\/pages"}],"about":[{"href":"https:\/\/www.horse-insight.ch\/index.php?rest_route=\/wp\/v2\/types\/page"}],"author":[{"embeddable":true,"href":"https:\/\/www.horse-insight.ch\/index.php?rest_route=\/wp\/v2\/users\/1"}],"replies":[{"embeddable":true,"href":"https:\/\/www.horse-insight.ch\/index.php?rest_route=%2Fwp%2Fv2%2Fcomments&post=21"}],"version-history":[{"count":17,"href":"https:\/\/www.horse-insight.ch\/index.php?rest_route=\/wp\/v2\/pages\/21\/revisions"}],"predecessor-version":[{"id":1104,"href":"https:\/\/www.horse-insight.ch\/index.php?rest_route=\/wp\/v2\/pages\/21\/revisions\/1104"}],"wp:attachment":[{"href":"https:\/\/www.horse-insight.ch\/index.php?rest_route=%2Fwp%2Fv2%2Fmedia&parent=21"}],"curies":[{"name":"wp","href":"https:\/\/api.w.org\/{rel}","templated":true}]}}