{"id":1043,"date":"2025-07-29T15:00:55","date_gmt":"2025-07-29T13:00:55","guid":{"rendered":"https:\/\/www.horse-insight.ch\/?post_type=product&#038;p=1043"},"modified":"2025-11-07T10:37:05","modified_gmt":"2025-11-07T09:37:05","slug":"posture-en-salle-initiation-echallens","status":"publish","type":"product","link":"https:\/\/www.horse-insight.ch\/?product=posture-en-salle-initiation-echallens","title":{"rendered":"Posture en salle Initiation &#8211; Echallens"},"content":{"rendered":"<p>Pour une approche plus compl\u00e8te et progressive, rejoignez le programme\u00a0<strong>\"3 cours pour mieux utiliser son corps \u00e0 cheval\"<\/strong>. Ce cycle d\u2019ateliers en salle vous permettra d\u2019explorer en profondeur votre fonctionnement corporel et de consolider votre posture au fil des semaines.<\/p>\n<p><strong>Dur\u00e9e :<\/strong> 3 sessions d\u2019une heure et demi<\/p>\n<p><strong>Progression :<\/strong>\u00a0Prenez le temps d\u2019assimiler les exercices et appliquez-les chez vous ou avec votre cheval entre les cours.<\/p>\n<p><strong>R\u00e9sultats :<\/strong>\u00a0D\u00e9veloppez une posture plus stable qui aide votre cheval \u00e0 bouger et une communication avec lui plus fine, durablement.<\/p>\n<p><strong>B\u00e9n\u00e9fices cl\u00e9s :<\/strong><br \/>\nUne progression structur\u00e9e et personnalis\u00e9e.<br \/>\nUn apprentissage \u00e0 votre rythme pour maximiser les r\u00e9sultats.<br \/>\nDes exercices concrets que vous pourrez utiliser au quotidien.<\/p>\n<p><strong>Lieu :<\/strong> Echallens : Art Scene, 1042 Assens<br \/>\n<strong>Groupe :<\/strong>\u00a04 \u00e0 8 cavaliers pour un suivi de qualit\u00e9.<\/p>\n<p><strong>Dates et inscription :<\/strong><br \/>\nConsultez les dates disponibles ci-dessus. Indisponible ? Inscrivez-vous sur la <a href=\"https:\/\/preview.mailerlite.io\/forms\/1541421\/161268302036862779\/share\">liste d\u2019attente<\/a> pour \u00eatre inform\u00e9 des prochaines sessions.<\/p>\n<p><strong>Tenue :<\/strong> Portez des v\u00eatements confortables (d'\u00e9quitation ou autre), adapt\u00e9s aux mouvements. Les chaussures ne sont pas n\u00e9cessaires.<\/p>\n<p><strong>Conditions d\u2019inscription :<\/strong><br \/>\n<strong>Paiement :<\/strong>\u00a0Les paiements peuvent \u00eatre effectu\u00e9s par virement (pr\u00e9f\u00e9rable) ou en esp\u00e8ces sur place.<br \/>\n<strong>Remboursement :<\/strong>\u00a0Les cours ne sont ni remboursables, ni \u00e9changeables.<\/p>\n<p><strong>Report en cas d\u2019emp\u00eachement :<\/strong><br \/>\nUne fois l'achat valid\u00e9, votre paiement est d\u00fb.<br \/>\nSi vous \u00eates dans l\u2019incapacit\u00e9 de participer, vous pouvez trouver une personne pour reprendre votre place, \u00e0 condition de nous en informer au moins\u00a0<strong>24 heures \u00e0 l\u2019avance<\/strong>.<\/p>\n<p><strong>Paiement sur place :<\/strong><br \/>\nLes participants qui souhaitent payer en esp\u00e8ces doivent confirmer leur pr\u00e9sence au minimum\u00a0<strong>1 semaine avant le cours<\/strong>. Cette confirmation est obligatoire pour garantir leur place. <strong style=\"font-family: var(--wp--preset--font-family--system-font);\">Sans confirmation dans ce d\u00e9lai, la place sera remise en vente.<\/strong><\/p>\n","protected":false},"excerpt":{"rendered":"<p>Transformez votre posture \u00e0 cheval avec un programme en salle de 3 cours \u00e9volutifs \u00e0 Echallens !<\/p>\n","protected":false},"featured_media":548,"template":"","meta":{"site-sidebar-layout":"default","site-content-layout":"","ast-site-content-layout":"default","site-content-style":"default","site-sidebar-style":"default","ast-global-header-display":"","ast-banner-title-visibility":"","ast-main-header-display":"","ast-hfb-above-header-display":"","ast-hfb-below-header-display":"","ast-hfb-mobile-header-display":"","site-post-title":"","ast-breadcrumbs-content":"","ast-featured-img":"","footer-sml-layout":"","theme-transparent-header-meta":"default","adv-header-id-meta":"","stick-header-meta":"","header-above-stick-meta":"","header-main-stick-meta":"","header-below-stick-meta":"","astra-migrate-meta-layouts":"set","ast-page-background-enabled":"default","ast-page-background-meta":{"desktop":{"background-color":"var(--ast-global-color-5)","background-image":"","background-repeat":"repeat","background-position":"center center","background-size":"auto","background-attachment":"scroll","background-type":"","background-media":"","overlay-type":"","overlay-color":"","overlay-opacity":"","overlay-gradient":""},"tablet":{"background-color":"","background-image":"","background-repeat":"repeat","background-position":"center center","background-size":"auto","background-attachment":"scroll","background-type":"","background-media":"","overlay-type":"","overlay-color":"","overlay-opacity":"","overlay-gradient":""},"mobile":{"background-color":"","background-image":"","background-repeat":"repeat","background-position":"center center","background-size":"auto","background-attachment":"scroll","background-type":"","background-media":"","overlay-type":"","overlay-color":"","overlay-opacity":"","overlay-gradient":""}},"ast-content-background-meta":{"desktop":{"background-color":"var(--ast-global-color-4)","background-image":"","background-repeat":"repeat","background-position":"center center","background-size":"auto","background-attachment":"scroll","background-type":"","background-media":"","overlay-type":"","overlay-color":"","overlay-opacity":"","overlay-gradient":""},"tablet":{"background-color":"var(--ast-global-color-4)","background-image":"","background-repeat":"repeat","background-position":"center center","background-size":"auto","background-attachment":"scroll","background-type":"","background-media":"","overlay-type":"","overlay-color":"","overlay-opacity":"","overlay-gradient":""},"mobile":{"background-color":"var(--ast-global-color-4)","background-image":"","background-repeat":"repeat","background-position":"center center","background-size":"auto","background-attachment":"scroll","background-type":"","background-media":"","overlay-type":"","overlay-color":"","overlay-opacity":"","overlay-gradient":""}}},"product_brand":[],"product_cat":[40],"product_tag":[],"class_list":{"0":"post-1043","1":"product","2":"type-product","3":"status-publish","4":"has-post-thumbnail","6":"product_cat-cours-postures","7":"desktop-align-left","8":"tablet-align-left","9":"mobile-align-left","11":"first","12":"instock","13":"purchasable","14":"product-type-variable"},"jetpack_sharing_enabled":true,"_links":{"self":[{"href":"https:\/\/www.horse-insight.ch\/index.php?rest_route=\/wp\/v2\/product\/1043","targetHints":{"allow":["GET"]}}],"collection":[{"href":"https:\/\/www.horse-insight.ch\/index.php?rest_route=\/wp\/v2\/product"}],"about":[{"href":"https:\/\/www.horse-insight.ch\/index.php?rest_route=\/wp\/v2\/types\/product"}],"wp:featuredmedia":[{"embeddable":true,"href":"https:\/\/www.horse-insight.ch\/index.php?rest_route=\/wp\/v2\/media\/548"}],"wp:attachment":[{"href":"https:\/\/www.horse-insight.ch\/index.php?rest_route=%2Fwp%2Fv2%2Fmedia&parent=1043"}],"wp:term":[{"taxonomy":"product_brand","embeddable":true,"href":"https:\/\/www.horse-insight.ch\/index.php?rest_route=%2Fwp%2Fv2%2Fproduct_brand&post=1043"},{"taxonomy":"product_cat","embeddable":true,"href":"https:\/\/www.horse-insight.ch\/index.php?rest_route=%2Fwp%2Fv2%2Fproduct_cat&post=1043"},{"taxonomy":"product_tag","embeddable":true,"href":"https:\/\/www.horse-insight.ch\/index.php?rest_route=%2Fwp%2Fv2%2Fproduct_tag&post=1043"}],"curies":[{"name":"wp","href":"https:\/\/api.w.org\/{rel}","templated":true}]}}